ive of -v**4/24 + v**3/6 + v**2. What are the prime factors of q(-10)?
11
Let p(u) = -u**3 - 7*u**2 - 2*u - 5. Let h(b) = -7*b**2 + b - 1. Let r be h(1). List the prime factors of p(r).
3
Suppose -x - 2*m + m + 15 = 0, -m - 27 = -2*x. List the prime factors of x.
2, 7
Suppose -5*w - 4 = -v + 20, 0 = -3*v + 5*w + 32. Let d = 8 + v. List the prime factors of d.
2, 3
Suppose -4*b = -8*b - 12. Let l = b - -12. Let a = 1 + l. What are the prime factors of a?
2, 5
Suppose 0 = -4*l + 37 + 223. Suppose -4*z - 3*c - 2*c + l = 0, 2*z - 2*c - 10 = 0. Suppose -4*q + 3*q = -z. List the prime factors of q.
2, 5
Suppose 38*a = 39*a - 138. What are the prime factors of a?
2, 3, 23
Suppose y = 5*i - i + 42, 0 = 5*y + i - 105. List the prime factors of -1 + (-1)/((-1)/y).
3, 7
Let t = -79 - -169. What are the prime factors of t?
2, 3, 5
Let k = 735 - 522. What are the prime factors of k?
3, 71
Let d be (1/2)/((-4)/(-48)). Let p = d - -6. What are the prime factors of 9/4*32/p?
2, 3
Let z(f) = -f + 2. Let o be 1 - 0 - (-5)/(-5). Let p be z(o). Suppose p*y + 2*y = 20. List the prime factors of y.
5
Let j be ((-4)/(-5))/(6/15). Let d be (1 - j)*-1*4. Suppose p - 56 = -5*k, -3*k - d*p + 12 + 8 = 0. List the prime factors of k.
2, 3
Let h(l) be the first derivative of -6*l**2 - 4*l + 4. What are the prime factors of h(-2)?
2, 5
Suppose 4*q = 47 + 29. Suppose -o = -q - 6. List the prime factors of o.
5
Let p = -56 - -96. What are the prime factors of p?
2, 5
Let s(d) = -3*d - 4. Let b be s(-3). Let y = 8 - b. Suppose 0 = z - y*t - 5, 2*z + 0*z - 4*t - 10 = 0. What are the prime factors of z?
5
Suppose -7*n + 3*n + 56 = 4*x, 0 = 5*n + x - 54. Suppose c = 38 - n. What are the prime factors of c?
2, 7
Let x(y) = 7*y**2 - y - 6. List the prime factors of x(3).
2, 3
Let b(c) = -8*c**2 + 2*c. Let y be b(-2). Let d = -3 - y. List the prime factors of d.
3, 11
Suppose r = 5, -5 = -a + 3*r + 1. Let y be 40/7 - (-6)/a. Let h = y - -3. List the prime factors of h.
3
Suppose 0 = c - 6 + 4. Suppose c*r = -2*m + 4 + 40, -102 = -5*r - 3*m. List the prime factors of r.
2, 3
Let i be (20/(-6))/((-1)/(-3)). Let z = i + 15. What are the prime factors of z?
5
Suppose -1 + 3 = 3*j + w, 3*j - 5*w + 10 = 0. Suppose -z - 4*z = 4*v - 77, j = -4*v - 8. List the prime factors of z.
17
Suppose 0 = -3*r + x + 5, 3*x - 7*x = r - 6. Suppose r*k = -3*k + 195. What are the prime factors of k?
3, 13
Let h = -1 - -11. Suppose 0 = -3*g + 2*g + h. List the prime factors of g.
2, 5
Let c be ((-30)/20)/(2/(-4)). Suppose 0 = -c*h + 5*h - 48. What are the prime factors of h?
2, 3
Suppose -4*b + 39 = -c, 0 = 6*b - b + c - 51. Suppose b = 2*k - 18. List the prime factors of k.
2, 7
List the prime factors of (-16)/6*(59/(-4) - -2).
2, 17
Suppose 2*t + 32 = 2*l, 50 = -t - 4*t - 5*l. Let d be (3 - 0) + -2 - -21. Let h = d + t. List the prime factors of h.
3
Suppose 2*z = -6 + 16. What are the prime factors of z?
5
Let n(v) = -3*v**3 - 2*v - 1. Let p be n(-1). Suppose -p*i + 0*i + 24 = 0. List the prime factors of i.
2, 3
Suppose 0*a = -2*a. Let j = 3 + 3. Suppose a = -u + j - 4. What are the prime factors of u?
2
What are the prime factors of (16/2)/2 + 72?
2, 19
Suppose -2*a = -8, 2*l - 3*a + 10 = a. Suppose -r = -3*k - 31, l*r - 30 = -4*k - 2. List the prime factors of r.
2
Suppose -2*h + h - 4*m - 6 = 0, 0 = 5*h - m - 12. Let v be ((-2 - -1) + -4)*h. List the prime factors of (-190)/(-25) + (-4)/v.
2
Let n be -3*1/(-3) - -1. Suppose u - n = 3. Suppose i - 3*o - 8 = 16, 3*o = u*i - 72. List the prime factors of i.
2, 3
List the prime factors of 1*2/(-1) - -87.
5, 17
Let i be 24/2*(-8)/(-16). Let u be (3/i)/(3/36). Suppose j - u*j = -4*m + 33, 2*m - j = 15. What are the prime factors of m?
7
Let s = 2 + 295. List the prime factors of s.
3, 11
Let g(x) = 3*x**3 + 14*x**2 - 3. Let d(n) = n**3 + 5*n**2 - 1. Let a(o) = 11*d(o) - 4*g(o). Let r be a(1). Let v = r - -10. List the prime factors of v.
3
Suppose 7*u - 2*u = 3*f + 1460, 3*f - 1195 = -4*u. What are the prime factors of u?
5, 59
Let r(u) = -u**3 + 8*u**2 - 4*u - 4. What are the prime factors of r(7)?
17
Let c be 10*(7 + -3)/4. What are the prime factors of c/(12/8 - 1)?
2, 5
Let b = 0 + 2. Suppose -310 = -b*m - 3*m. Suppose 3*t + 18 = n - 5, m = 4*n + 3*t. What are the prime factors of n?
17
Suppose -10*f + 5*f + 350 = 0. What are the prime factors of f?
2, 5, 7
Let k(w) = -w**2 + 12*w + 10. What are the prime factors of k(10)?
2, 3, 5
Let v = 227 - 160. List the prime factors of v.
67
Let k = -50 + 83. Suppose -k = -7*r + 4*r. List the prime factors of r.
11
Let c(l) = -3*l + 53. List the prime factors of c(-26).
131
Let x = -12 - -14. What are the prime factors of x?
2
Let t(d) = -12*d**2 + 3*d + 3. Let l be t(3). List the prime factors of ((-15)/4)/(12/l).
2, 3, 5
Suppose 5*d - 2*l - 609 = 0, 3*l - 2 = 4*l. What are the prime factors of d?
11
Let r(l) = -26*l**2 + l + 1. Let u be r(-1). Let p = u - -38. List the prime factors of p.
2, 3
Let b = -10 - -14. Suppose 3*s - b = -1. List the prime factors of -1*(s + (0 - 4)).
3
Let o be -3 - -4*(-3)/6. Let s = o - -15. List the prime factors of 135/s + 6/4.
3, 5
Suppose -o - 9 = -4*o. What are the prime factors of 6/(-4)*(-16)/o?
2
Suppose b - 6 = -2*b + 5*j, 0 = 3*b - 4*j - 3. Let k = b - -5. List the prime factors of 1/((-22)/(-10) - k).
5
Suppose 2*j - 10 = j. Let v = 11 + j. Suppose -2*l + v = l. List the prime factors of l.
7
Let w(b) be the first derivative of 2*b**2 + 1 + 1/3*b**3 + 4*b. What are the prime factors of w(-5)?
3
Let s = -5 - -6. Let l = 1 + s. List the prime factors of l.
2
Suppose 96 + 74 = 2*z. What are the prime factors of z?
5, 17
Suppose -154 = -l - 6*l. List the prime factors of l.
2, 11
Let u = 4 - 3. Let y(w) = -w**2 + 2 - 4*w + u + w - w. List the prime factors of y(-4).
3
Let z be (6/(-4))/(6/(-136)). Let m = 1 + 20. Let q = z - m. List the prime factors of q.
13
Suppose 4*g = g - 12. Let j(d) = -d**2 - 5*d - 1. List the prime factors of j(g).
3
Suppose 2*t - 3*o + 12 = 0, 3*o - 9 = -t + 3. Let k = 0 - t. Suppose -5*y + 5*d + 30 = k, -y - 10 = -2*d - 3*d. List the prime factors of y.
2, 5
Suppose 0 = 5*k + 5, 47 = 2*h + 3*k - 2*k. Let m be h + (-2 - -2)/(-1). Suppose -s - o + m = 2*s, 5*o = 0. What are the prime factors of s?
2
Let i(p) = -p + 3. Let x be i(-5). Suppose 3*y + x = -1. List the prime factors of -2 + (-3 - (y - 20)).
2, 3
Suppose -4*l - 5 = -9*l. Let s be 4/(-8)*(l + -15). Let q(c) = c. List the prime factors of q(s).
7
List the prime factors of (-7)/(-28) + 429/12.
2, 3
Suppose 0 = 4*t + 4*g + 9 - 29, 0 = -4*t - 5*g + 21. Let k be 4/2 + -1*t. List the prime factors of -2*(3/k + 0).
3
List the prime factors of 8 + 0 - (1 + 1).
2, 3
Let h = 5 + -9. Let i = h + 37. List the prime factors of i.
3, 11
Let k = 7 + 0. Suppose -k*i + 3*i = -112. List the prime factors of i.
2, 7
Suppose 0 = 4*h, -2*l + 72 + 4 = -h. List the prime factors of l.
2, 19
Let i = -92 + 109. What are the prime factors of i?
17
Let k(f) = 2*f**2 + f + 4. What are the prime factors of k(9)?
5, 7
Let o(a) = -a**3 + 10*a**2 + 5*a + 3. Let n(p) = -p**2 + 1. Let x(g) = 5*n(g) + o(g). Let m be x(6). Suppose m*h - 30 = -h. What are the prime factors of h?
2, 5
What are the prime factors of 2/(-7) - (-1386)/49?
2, 7
List the prime factors of 2 - (-2 + -221) - 0.
3, 5
What are the prime factors of (-8)/(-44) + 3380/44?
7, 11
Let j = 54 - 5. List the prime factors of j.
7
Suppose 10*f - 6*f - 192 = 0. What are the prime factors of f?
2, 3
Suppose -4*o = -8, -q + o - 6 = -2*q. Suppose 18 = 5*w + i, 0 = -w - q*w + 4*i + 28. Suppose 2*l + l - 44 = -w*m, -32 = -2*l - 4*m. List the prime factors of l.
2, 3
Suppose t - 4*t = 369. Let m be 1/(249/t - -2). Let o = -29 - m. List the prime factors of o.
2, 3
Suppose -18 = 4*w - 114. List the prime factors of w.
2, 3
Let z be 4 + -1 - -1 - 1. Let n be z/(-9) + (-1)/(-3). Suppose n = 4*p + 3*w - 57, p + 24 = 2*p + 4*w. List the prime factors of p.
2, 3
Let t(w) = w - 4. Let m = -15 + 11. Let u be t(m). List the prime factors of (3 + 7)*u/(-10).
2
Let g(l) = -29*l**2 + 2*l - 1. Let d be g(2). Let k = -74 - d. Suppose -3*u - 5*f + k = 0, -4*u - 3*f - f = -44. What are the prime factors of u?
2
Let n(p) = -p. Let b be n(6). List the prime factors of (-132)/18*b/4.
11